9 prime?
True
Is 18301 composite?
False
Is 50387 composite?
False
Is 1374151 composite?
True
Is 457087 prime?
True
Is 40199 a composite number?
True
Is 29905 a prime number?
False
Is 322993 a composite number?
True
Is 3761 composite?
False
Is 1801 composite?
False
Is 429317 a prime number?
False
Is 56543 a composite number?
False
Is 5059 composite?
False
Is 19553 a prime number?
True
Is 30803 composite?
False
Is 55766 a prime number?
False
Is 317795 a prime number?
False
Is 701 a prime number?
True
Is 1495679 a composite number?
True
Is 14513 composite?
True
Is 5509 composite?
True
Is 5493 composite?
True
Is 6131 composite?
False
Is 273503 a composite number?
False
Is 78809 a composite number?
False
Is 44537 composite?
False
Is 975343 a prime number?
True
Is 234703 a composite number?
True
Is 17002 composite?
True
Is 1463131 prime?
False
Is 337287 a prime number?
False
Is 7343 composite?
True
Is 1315 a prime number?
False
Is 75971 prime?
False
Is 233 prime?
True
Is 386017 composite?
False
Is 110527 a prime number?
True
Is 13561 prime?
False
Is 65833 a composite number?
True
Is 127923 a prime number?
False
Is 12571 a prime number?
False
Is 72001 prime?
False
Is 1249 composite?
False
Is 232723 composite?
True
Is 209995 prime?
False
Is 4729 prime?
True
Is 922379 prime?
False
Is 26653 composite?
True
Is 11721 a composite number?
True
Is 22267 a prime number?
False
Is 19207 prime?
True
Is 985571 composite?
False
Is 1982551 prime?
True
Is 29123 a composite number?
False
Is 8263 composite?
False
Is 7151 a prime number?
True
Is 2999 a prime number?
True
Is 768489 prime?
False
Is 185123 a prime number?
True
Is 673 a composite number?
False
Is 4847 a prime number?
False
Is 50329 composite?
False
Is 25057 composite?
False
Is 837283 composite?
False
Is 595121 a prime number?
False
Is 160997 a prime number?
True
Is 37003 a prime number?
True
Is 11269 a prime number?
False
Is 11143 prime?
False
Is 20161 composite?
False
Is 12323 a composite number?
False
Is 739411 composite?
True
Is 1639 composite?
True
Is 172951 a prime number?
False
Is 1361 prime?
True
Is 4009 composite?
True
Is 4742 a prime number?
False
Is 33551 composite?
True
Is 17111 a prime number?
False
Is 207777 prime?
False
Is 1095773 a prime number?
False
Is 1871 a composite number?
False
Is 7283 composite?
False
Is 163 a composite number?
False
Is 4227 a prime number?
False
Is 9661 a prime number?
True
Is 587 composite?
False
Is 9229 composite?
True
Is 7661 prime?
False
Is 2573 prime?
False
Is 23531 a composite number?
False
Is 14341 prime?
True
Is 28597 prime?
True
Is 847135 prime?
False
Is 56843 prime?
True
Is 93679 prime?
False
Is 186889 a composite number?
False
Is 46357 a prime number?
False
Is 53969 a composite number?
True
Is 211559 composite?
False
Is 18559 a composite number?
True
Is 1306273 composite?
False
Is 37915 prime?
False
Is 4979515 a composite number?
True
Is 43751 a prime number?
False
Is 351609 a composite number?
True
Is 4319 composite?
True
Is 1151 a composite number?
False
Is 12055 a prime number?
False
Is 887 composite?
False
Is 8131 a prime number?
False
Is 80943 prime?
False
Is 27442 a composite number?
True
Is 30122 composite?
True
Is 5209 a composite number?
False
Is 662819 prime?
True
Is 4001 a prime number?
True
Is 41186 a prime number?
False
Is 267571 prime?
False
Is 833947 composite?
False
Is 38195 a prime number?
False
Is 3761 prime?
True
Is 207941 composite?
False
Is 1397 prime?
False
Is 376021 a prime number?
True
Is 8903 composite?
True
Is 1259 composite?
False
Is 2174017 composite?
False
Is 168897 composite?
True
Is 21781 composite?
True
Is 2545009 composite?
True
Is 120187 composite?
True
Is 697423 a prime number?
True
Is 2293829 a composite number?
False
Is 5617 a prime number?
False
Is 1151 composite?
False
Is 16846 a prime number?
False
Is 106273 prime?
True
Is 209733 a composite number?
True
Is 368491 prime?
True
Is 31547 composite?
False
Is 23509 prime?
True
Is 251 a prime number?
True
Is 4919 a composite number?
False
Is 402047 a composite number?
True
Is 28973 prime?
False
Is 4957 a composite number?
False
Is 746 a prime number?
False
Is 89 prime?
True
Is 21347 prime?
True
Is 18419 a composite number?
True
Is 35797 composite?
False
Is 7249 a composite number?
True
Is 15347 composite?
True
Is 562 a prime number?
False
Is 24071 composite?
False
Is 546835 a composite number?
True
Is 11441 composite?
True
Is 20279 prime?
False
Is 689 composite?
True
Is 13963 composite?
False
Is 202307 composite?
True
Is 352553 composite?
True
Is 2101 a prime number?
False
Is 10007 a prime number?
True
Is 207329 prime?
True
Is 158959 prime?
True
Is 836839 composite?
False
Is 8653 a composite number?
True
Is 877 a prime number?
True
Is 48171 a composite number?
True
Is 5227 prime?
True
Is 140111 composite?
False
Is 167861 a composite number?
False
Is 177149 composite?
True
Is 931231 a composite number?
True
Is 55967 composite?
False
Is 20021 a composite number?
False
Is 8819 a prime number?
True
Is 36021 a composite number?
True
Is 18397 prime?
True
Is 1909 a composite number?
True
Is 13909 a prime number?
False
Is 230761 composite?
False
Is 25399 a composite number?
True
Is 3911767 composite?
False
Is 57481 composite?
True
Is 27581 a prime number?
True
Is 2729303 a composite number?
False
Is 6607 composite?
False
Is 253 prime?
False
Is 378971 a prime number?
False
Is 136189 composite?
False
Is 1981649 prime?
True
Is 8399 prime?
False
Is 513829 prime?
True
Is 1270897 a composite number?
False
Is 11409 a composite number?
True
Is 592793 prime?
True
Is 581 a composite number?
True
Is 1249 a composite number?
False
Is 173827 a prime number?
True
Is 697 a composite number?
True
Is 29683 a prime number?
True
Is 583 composite?
True
Is 10798 a composite number?
True
Is 34721 prime?
True
Is 10743 prime?
False
Is 24263 prime?
False
Is 18861 a composite number?
True
Is 251741 a prime number?
False
Is 6023935 a composite number?
True
Is 15601 a prime number?
True
Is 26141 a composite number?
False
Is 445 composite?
True
Is 615001 a prime number?
False
Is 367097 composite?
False
Is 5455 a prime number?
False
Is 110023 a composite number?
False
Is 289 a composite number?
True
Is 19949 a composite number?
False
Is 3280169 a prime number?
False
Is 105751 a prime number?
True
Is 94669 a prime number?
False
Is 3349 a prime number?
False
Is 2035343 a composite number?
False
Is 26459 a composite number?
False
Is 170997 a prime number?
False
Is 29269 prime?
True
Is 2153603 composite?
True
Is 54857 prime?
False
Is 553013 composite?
False
Is 143357 a composite number?
False
Is 45579 composite?
True
Is 327599 prime?
True
Is 233641 composite?
False
Is 355261 prime?
True
Is 313309 prime?
False
Is 11539 a composite number?
True
Is 211543 a prime number?
True
Is 328931 composite?
False
Is 25451 a prime number?
False
Is 180317 composite?
False
Is 2146499 a prime number?
True
Is 12437 composite?
False
Is 15101 a prime number?
True
Is 6779 a composite number?
False
Is 409177 a prime number?
True
Is 426805 a composite number?
True
Is 7031 a composite number?
True
Is 6469 prime?
True
Is 1472671 a composite number?
True
Is 200579 a prime number?
True
Is 35671 a composite number?
False
Is 22669 a prime number?
True
Is 2085445 composite?
True
Is 4247 a prime number?
False
Is 2201 a composite number?
True
Is 3049 a prime number?
True
Is 260747 composite?
False
Is 557435 composite?
True
Is 55415 composite?
True
Is 164311 a prime number?
False
Is 57037 a composite number?
False
Is 348761 a prime number?
False
Is 36658 a composite number?
True
Is 783433 composite?
True
Is 9197 a composite number?
True
Is 251673 a prime number?
False
Is 114371 composite?
False
Is 770135 a composite number?
True
Is 98261 a composite number?
True
Is 360533 prime?
False
Is 515737 prime?
True
Is 17567 composite?
True
Is 289387 prime?
False
Is 1828895 a composite number?
True
Is 400643 composite?
False
Is 366217 a prime number?
True
Is 2053 a prime number?
True
Is 53993 prime?
True
Is 90291 a composite number?
True
Is 8197 composite?
True
Is 2923 composite?
True
Is 94967 composite?
True
Is 4771 prime?
False
Is 48131 a prime number?
True
Is 11185 a prime number?
False
Is 5353 a composite number?
True
Is 300851 a composite number?